6). What is the tens digit of l/(135/245)*(f - -7)?
9
Let z be (110/(-4))/(-5) - 3/2. Suppose -4*p - 6 = -4*b - 2, z*b + 12 = 0. What is the tens digit of (-10)/p*(12 + -2)?
2
What is the thousands digit of 45/(-60) - (-47470)/8?
5
Suppose g + 2*k + 342 = 3*g, -2*g + 3*k + 346 = 0. Let z(b) = -16*b - 20. Let d be z(6). Let q = g + d. What is the tens digit of q?
5
Let l(n) = 84*n**2 - 5*n + 4. Let r(b) = -4*b + 41. Let d be r(10). Let u be l(d). Suppose 4*c - 4*s - 1 = u, 4*s = -c + 36. What is the tens digit of c?
2
Let m be (-4)/8*(-276)/3. Let s = m - 43. Suppose 547 = 5*b - 3*j, 4*j - 334 = -s*b - 0*j. What is the tens digit of b?
1
Suppose 20*l = 11*l + 5301. Suppose g + 5 - l = -5*h, -581 = -5*h - 4*g. What is the tens digit of h?
1
Suppose 180 - 72 = 4*s. Suppose -n - s = -31. Let q(j) = 4*j**2 + 8*j - 23. What is the units digit of q(n)?
3
Suppose 4*w - 106 - 234 = 0. Suppose -3*b + w = -95. Let k = b - 50. What is the tens digit of k?
1
Let i = -12094 + 19573. What is the tens digit of i?
7
Suppose 10*c - 2904 = -2*c. Let y = c - 386. Let m = y - -285. What is the tens digit of m?
4
Suppose 4*y - 303 = -3*l, -y + l + 72 + 9 = 0. Suppose 73*d - y*d = 0. Suppose 7*j - 5*j - 24 = d. What is the units digit of j?
2
Let g(a) = 23*a**2 + 45*a + 212. What is the units digit of g(-5)?
2
Let i be (-3)/(9/(-6)) - -2. Let r(m) = -7*m - 6. Let s(z) = -z - 1. Let a(d) = -r(d) + 4*s(d). What is the tens digit of a(i)?
1
Let o be 44/(-33) - (-6)/(-9). What is the hundreds digit of ((-444)/(-189) + o/(-9))*133?
3
Let y = 4998 - 2216. What is the units digit of y?
2
Suppose 1517*i = 1515*i + 2088. What is the units digit of i?
4
Let b(y) = -62 - 62 - 7*y + 31. What is the units digit of b(-14)?
5
Let w(o) = -o**2 - 17*o - 6. Let x be w(-13). Let j = -38 + x. Suppose j*f + 276 = 1356. What is the units digit of f?
5
What is the thousands digit of (-1022212)/(-736) - 1/(-8)?
1
Suppose -k - 2*u = u + 46, 2*k + 2*u = -76. Let f = k + 144. What is the units digit of f?
0
Let m be (-1 - 0)*2424 + (10 - 8). Let y = m - -3504. What is the tens digit of y?
8
Let p = 36107 - 24897. What is the thousands digit of p?
1
Let s = 155 - 89. Let p = s - 46. What is the units digit of (96 + 1)*4/p*5?
7
Let g(y) = 6219*y**2 + 163*y + 35. What is the units digit of g(3)?
5
Let x(w) = -w + 10. Let m = 7 - -3. Let y be x(m). Suppose y = -r + 78 - 35. What is the tens digit of r?
4
Let n = 80 - 75. Suppose 5*o - 835 = n*g, 5*o - 3*g - 838 = -g. What is the hundreds digit of o?
1
Let q(v) = -21*v + 34. Let s be q(12). Let g = -152 - s. What is the tens digit of g?
6
Let c = -20995 + 36963. What is the thousands digit of c?
5
Suppose -3*k = k + 4*x, -3*x = k + 10. Suppose 4192 = 11*c + k*c. What is the tens digit of c?
6
Suppose -4*i + j + 6 = -j, -4*i + 4*j = 0. Suppose -2*v - b = -9, 0 = 5*v + i*b + 3 - 27. What is the tens digit of 44 - 3/(v + 0)?
4
Suppose 3*l + 4 + 6 = -2*b, l - 3*b = -18. Let a be ((-15)/l)/(4/8). Suppose -a*o + 331 = 36. What is the tens digit of o?
5
Let r = 680 - -1134. What is the tens digit of r?
1
Suppose -34431 + 140246 + 130003 = 198*y. What is the units digit of y?
1
Let w(z) = -z**3 - 31*z**2 - z - 27. Let f be w(-31). Let q(t) = 22*t + 41. What is the units digit of q(f)?
9
Let y(a) = -29*a**2 - a + 10. Let v be y(3). Let s = 368 + v. What is the hundreds digit of s?
1
Let o = 101656 + -30140. What is the units digit of o?
6
Suppose 7*l + 37 - 72 = 0. Suppose -f = -l*p + 1783 + 5466, p + 4*f = 1433. What is the hundreds digit of p?
4
Suppose -x = -5, -5*r + 241 = -5*x - 2654. Suppose -2*j = -3*m - r, -4*j - 5*m + 601 = -567. What is the units digit of j?
2
Suppose 3*u - 66181 = -5*l, u + 4*l - 9458 - 12593 = 0. What is the tens digit of u?
6
Suppose 0 = 4*t - 82*t + 228579 + 25311. What is the units digit of t?
5
Suppose 3*g - 499 = 593. Let k be (-8)/(-5)*(-130)/(-52). Suppose -k*r = -g + 96. What is the tens digit of r?
6
Let w(f) = -f - 4*f + 4*f + 3 + 7*f + f**2. Suppose -65 = 12*v + 7. What is the units digit of w(v)?
3
Let n be (4/(-2))/((-39)/234). Suppose -1158 = n*i - 15*i. What is the tens digit of i?
8
Suppose 0 = -4*v - 4, 2*j = -j - 2*v + 592. Let i be (-538)/(-3) + 4/(-78)*-13. Suppose -j = -7*h + i. What is the tens digit of h?
5
Let q = 85 - 80. Suppose 4*w - 3*w + 212 = q*m, 4*m = -2*w + 164. What is the tens digit of m?
4
Let y(v) = 218*v**3 + 46*v**2 - 192*v - 12. What is the ten thousands digit of y(4)?
1
Suppose -4*a - 9*i + 5305 = -9*a, 2*i = 2*a + 2122. Let k = a - -1883. What is the units digit of k?
2
Let m be (1*-3)/(-1)*(-34)/(-51). Suppose -2*u - w + 8 = 0, 2*u - w = m*w + 8. Suppose 4*b = u*a + 2*b - 366, 5*a - 4*b = 465. What is the tens digit of a?
8
Let x(n) = 619*n**2 + 2*n + 1. Let s be x(-1). Let o be 6 + -7 - s/(9/(-3)). Suppose -k + o = i, -k + 0*k + 225 = -4*i. What is the units digit of k?
9
Let h(x) = 9*x**2 - 16*x + 112. Let v be h(8). Let p(r) = r**2 - 5*r - 6. Let n be p(6). Suppose 4*t - z - v = 4*z, n = 3*z. What is the hundreds digit of t?
1
Let d = -4 + 12. What is the units digit of (0 - 118)*d/(-16)?
9
Suppose 5*j + 290 = -220. Let g = j - -147. Let p = 8 + g. What is the units digit of p?
3
Suppose 13*a + 1547469 = 47*a + 43*a. What is the thousands digit of a?
0
Let u = -39 + 53. Let y be ((-85)/17)/(2/u). What is the tens digit of 2 + -2 - 2*y?
7
Let y(k) = -k + 13. Let v be y(3). Let u = -16 + v. Let g = 201 + u. What is the hundreds digit of g?
1
What is the tens digit of 55308/2 + -208 + 223?
6
Let a = -12994 - -24013. What is the thousands digit of a?
1
Let r(y) = 567*y - 1411. What is the units digit of r(12)?
3
Let m(p) = 391*p - 347. What is the tens digit of m(9)?
7
Let s(j) = -8*j + 2. Let x be 6*1 - (-8 + 5). Let d = 4 - x. What is the units digit of s(d)?
2
What is the hundreds digit of 2535804/90 + 24/10?
1
Suppose 14*j + 11 = 25. Let i(s) = -10*s + 2. Let v be i(-4). What is the hundreds digit of 6330/v + (j - 15/21)?
1
Let h(w) = -40*w - 6. Let g be h(-1). Suppose d - 244 = -g. Let m = -111 + d. What is the units digit of m?
9
Suppose -5*y + 18592 = -z - 18092, -4*z = -3*y + 21990. What is the tens digit of y?
3
Let w(a) be the second derivative of a**5/60 + a**4/12 - 5*a**3/2 + 3*a**2 - 44*a. Let r(n) be the first derivative of w(n). What is the tens digit of r(11)?
2
Let r be (-18)/126 - (-2)/14. Suppose r*a = a - 135. What is the units digit of (20/3)/((-264)/a + 2)?
0
Suppose -8*l + 6*l + 15212 = 0. What is the hundreds digit of l?
6
Suppose 2*c = -5*q + 56, -5*q = -4*c - q + 56. Suppose -2*u - 4*t = -4, c*u - 17*u - 37 = 5*t. What is the tens digit of u?
1
Let p(r) = 126*r**2 - 109*r + 28. What is the tens digit of p(8)?
2
Let l = 170 + -165. Suppose -3*f + 1356 = 3*p, -l*p + 4*f - 607 = -2867. What is the tens digit of p?
5
Suppose -5*w = -3*t + 4282, -t + w = t - 2857. Suppose 34*r - 12445 = -t. What is the hundreds digit of r?
3
Let f(o) = 8*o + 5. Suppose 95 = 5*j - 0*j + 5*b, 0 = j + 5*b - 35. Suppose 0*r + 4*p = -2*r + 30, 0 = 2*r - p - j. What is the units digit of f(r)?
7
Let u(h) = -h**3 + 9*h**2 + 5*h + 13. Let y = -201 - -195. What is the units digit of u(y)?
3
Let x = -335 - -76. Let l be 2/3 + 3652/(-33). Let b = l - x. What is the tens digit of b?
4
Let v = 1098 - -5255. What is the hundreds digit of v?
3
Let k = 833 - 441. Let y = k + -159. What is the units digit of y?
3
Suppose -2*v = -p + 5787, 3*p - 16301 = 5*v + 1054. What is the units digit of p?
5
Suppose 0 = 12*m - 10*m - 6*r - 1010, 0 = -2*m + 3*r + 1016. What is the tens digit of m?
1
Suppose 21 = -5*c + 12*c. Suppose 5*q - q - c*h = 7, 2*h = -10. Let n(x) = -18*x**3 - x**2 + 5*x + 9. What is the units digit of n(q)?
9
Suppose 4 = 4*h - 8, 0 = -5*u - 4*h + 27. Suppose u = -7*z + 66. What is the units digit of z?
9
Let n be (1 - -2)*-98 - 1. Let o be (-2)/5*n/2. Let m = -31 + o. What is the units digit of m?
8
Let p = -907 + 973. Let m be 2 - (3 - 1) - -14. Suppose 4*b + 2*w - p = 20, b - m = -2*w. What is the tens digit of b?
2
Let a(i) = -i**2 + 18*i + 66. Let z be a(10). Let d = -141 + z. Suppose x = 5*m - 490, 3*m - 5*m = d*x - 223. What is the units digit of m?
9
Let t(y) be the first derivative of 13*y**2/2 - 12*y - 12. Let g be t(-3). Let o = g + 74. What is the tens digit of o?
2
What i